{"id":15043,"date":"2024-11-08T13:15:21","date_gmt":"2024-11-08T12:15:21","guid":{"rendered":"https:\/\/www.watio.fr\/guide\/?page_id=15043"},"modified":"2025-01-19T17:51:49","modified_gmt":"2025-01-19T16:51:49","slug":"faq-comment-remplir-les-informations-sur-la-cause-du-degat-des-eaux","status":"publish","type":"page","link":"https:\/\/www.watio.fr\/guide\/centre-daide\/aide-utilisateur-sur-watio\/faq-comment-remplir-les-informations-sur-la-cause-du-degat-des-eaux\/","title":{"rendered":"FAQ : Comment remplir les informations sur la cause du d\u00e9g\u00e2t des eaux ?"},"content":{"rendered":"\t\t<div data-elementor-type=\"wp-page\" data-elementor-id=\"15043\" class=\"elementor elementor-15043\" data-elementor-post-type=\"page\">\n\t\t\t\t<div class=\"elementor-element elementor-element-6fd18512 e-con-full e-flex e-con e-parent\" data-id=\"6fd18512\" data-element_type=\"container\" data-e-type=\"container\">\n\t\t<div class=\"elementor-element elementor-element-57f3f9e4 e-flex e-con-boxed e-con e-child\" data-id=\"57f3f9e4\" data-element_type=\"container\" data-e-type=\"container\" data-settings=\"{&quot;background_background&quot;:&quot;classic&quot;}\">\n\t\t\t\t\t<div class=\"e-con-inner\">\n\t\t\t\t<div class=\"elementor-element elementor-element-25328dfd elementor-widget elementor-widget-heading\" data-id=\"25328dfd\" data-element_type=\"widget\" data-e-type=\"widget\" data-widget_type=\"heading.default\">\n\t\t\t\t<div class=\"elementor-widget-container\">\n\t\t\t\t\t<span class=\"elementor-heading-title elementor-size-default\">Cette FAQ explique aux locataires, propri\u00e9taires et gestionnaires comment remplir la section d\u00e9di\u00e9e \u00e0 la cause du d\u00e9g\u00e2t des eaux sur le constat amiable de d\u00e9g\u00e2t des eaux. Cette section est essentielle pour identifier l'origine du sinistre et acc\u00e9l\u00e9rer le traitement par les assurances.<\/span>\t\t\t\t<\/div>\n\t\t\t\t<\/div>\n\t\t\t\t\t<\/div>\n\t\t\t\t<\/div>\n\t\t\t\t<div class=\"elementor-element elementor-element-601e436e elementor-widget elementor-widget-heading\" data-id=\"601e436e\" data-element_type=\"widget\" data-e-type=\"widget\" data-widget_type=\"heading.default\">\n\t\t\t\t<div class=\"elementor-widget-container\">\n\t\t\t\t\t<h2 class=\"elementor-heading-title elementor-size-default\">Recherche de fuite effectu\u00e9e par un artisan ou une entreprise<\/h2>\t\t\t\t<\/div>\n\t\t\t\t<\/div>\n\t\t\t\t<div class=\"elementor-element elementor-element-5173d0b0 elementor-widget elementor-widget-text-editor\" data-id=\"5173d0b0\" data-element_type=\"widget\" data-e-type=\"widget\" data-widget_type=\"text-editor.default\">\n\t\t\t\t<div class=\"elementor-widget-container\">\n\t\t\t\t\t\t\t\t\t<p><strong>Que dois-je indiquer ?<\/strong><\/p><ul><li>Cochez <strong>\u00ab\u00a0Oui\u00a0\u00bb<\/strong> si un professionnel (artisan ou entreprise) a d\u00e9j\u00e0 recherch\u00e9 l\u2019origine de la fuite, et pr\u00e9cisez son nom.<\/li><li>Cochez <strong>\u00ab\u00a0Non\u00a0\u00bb<\/strong> si aucune recherche n\u2019a encore \u00e9t\u00e9 effectu\u00e9e.<\/li><li><strong>Exemple :<\/strong> Oui, par qui : \u00ab\u00a0Entreprise de plomberie XYZ\u00a0\u00bb.<\/li><\/ul>\t\t\t\t\t\t\t\t<\/div>\n\t\t\t\t<\/div>\n\t\t\t\t<div class=\"elementor-element elementor-element-1959a839 elementor-widget elementor-widget-heading\" data-id=\"1959a839\" data-element_type=\"widget\" data-e-type=\"widget\" data-widget_type=\"heading.default\">\n\t\t\t\t<div class=\"elementor-widget-container\">\n\t\t\t\t\t<h2 class=\"elementor-heading-title elementor-size-default\">La cause est-elle identifi\u00e9e ?<\/h2>\t\t\t\t<\/div>\n\t\t\t\t<\/div>\n\t\t\t\t<div class=\"elementor-element elementor-element-60340849 elementor-widget elementor-widget-text-editor\" data-id=\"60340849\" data-element_type=\"widget\" data-e-type=\"widget\" data-widget_type=\"text-editor.default\">\n\t\t\t\t<div class=\"elementor-widget-container\">\n\t\t\t\t\t\t\t\t\t<p><strong>Que dois-je r\u00e9pondre ?<\/strong><\/p><ul><li>Cochez <strong>\u00ab\u00a0Oui\u00a0\u00bb<\/strong> si l\u2019origine du d\u00e9g\u00e2t est connue. Par exemple, une canalisation endommag\u00e9e ou une infiltration.<\/li><li>Cochez <strong>\u00ab\u00a0Non\u00a0\u00bb<\/strong> si la cause reste inconnue.<\/li><li><strong>Pourquoi ?<\/strong> Cela permet de d\u00e9terminer les responsabilit\u00e9s.<\/li><\/ul>\t\t\t\t\t\t\t\t<\/div>\n\t\t\t\t<\/div>\n\t\t\t\t<div class=\"elementor-element elementor-element-44841b8b elementor-widget elementor-widget-heading\" data-id=\"44841b8b\" data-element_type=\"widget\" data-e-type=\"widget\" data-widget_type=\"heading.default\">\n\t\t\t\t<div class=\"elementor-widget-container\">\n\t\t\t\t\t<h2 class=\"elementor-heading-title elementor-size-default\">La cause est-elle r\u00e9par\u00e9e ?<\/h2>\t\t\t\t<\/div>\n\t\t\t\t<\/div>\n\t\t\t\t<div class=\"elementor-element elementor-element-6bd2955f elementor-widget elementor-widget-text-editor\" data-id=\"6bd2955f\" data-element_type=\"widget\" data-e-type=\"widget\" data-widget_type=\"text-editor.default\">\n\t\t\t\t<div class=\"elementor-widget-container\">\n\t\t\t\t\t\t\t\t\t<p><strong>Que dois-je indiquer ?<\/strong><\/p><ul><li>Cochez <strong>\u00ab\u00a0Oui\u00a0\u00bb<\/strong> si les travaux n\u00e9cessaires pour stopper le d\u00e9g\u00e2t ont d\u00e9j\u00e0 \u00e9t\u00e9 effectu\u00e9s.<\/li><li>Cochez <strong>\u00ab\u00a0Non\u00a0\u00bb<\/strong> si la r\u00e9paration n\u2019a pas encore eu lieu.<\/li><\/ul>\t\t\t\t\t\t\t\t<\/div>\n\t\t\t\t<\/div>\n\t\t\t\t<div class=\"elementor-element elementor-element-df52777 elementor-widget elementor-widget-heading\" data-id=\"df52777\" data-element_type=\"widget\" data-e-type=\"widget\" data-widget_type=\"heading.default\">\n\t\t\t\t<div class=\"elementor-widget-container\">\n\t\t\t\t\t<h2 class=\"elementor-heading-title elementor-size-default\">L'origine du d\u00e9g\u00e2t des eaux est situ\u00e9e chez...<\/h2>\t\t\t\t<\/div>\n\t\t\t\t<\/div>\n\t\t\t\t<div class=\"elementor-element elementor-element-a6b3d39 elementor-widget elementor-widget-text-editor\" data-id=\"a6b3d39\" data-element_type=\"widget\" data-e-type=\"widget\" data-widget_type=\"text-editor.default\">\n\t\t\t\t<div class=\"elementor-widget-container\">\n\t\t\t\t\t\t\t\t\t<p><strong>Que dois-je pr\u00e9ciser ?<\/strong><\/p><ul><li>Indiquez si l&rsquo;origine de la fuite est chez :<ul><li><strong>A<\/strong> : Vous-m\u00eame ou la personne occupant le logement \u00ab\u00a0A\u00a0\u00bb.<\/li><li><strong>B<\/strong> : L\u2019autre partie (voisin ou occupant du logement \u00ab\u00a0B\u00a0\u00bb).<\/li><li><strong>Ailleurs<\/strong> : Sp\u00e9cifiez si l\u2019origine se trouve dans une partie commune ou un autre lieu.<\/li><\/ul><\/li><\/ul>\t\t\t\t\t\t\t\t<\/div>\n\t\t\t\t<\/div>\n\t\t\t\t<div class=\"elementor-element elementor-element-c595b6f elementor-widget elementor-widget-heading\" data-id=\"c595b6f\" data-element_type=\"widget\" data-e-type=\"widget\" data-widget_type=\"heading.default\">\n\t\t\t\t<div class=\"elementor-widget-container\">\n\t\t\t\t\t<h2 class=\"elementor-heading-title elementor-size-default\">Type de d\u00e9g\u00e2t (cochez la ou les cases)<\/h2>\t\t\t\t<\/div>\n\t\t\t\t<\/div>\n\t\t\t\t<div class=\"elementor-element elementor-element-ca197f0 elementor-widget elementor-widget-text-editor\" data-id=\"ca197f0\" data-element_type=\"widget\" data-e-type=\"widget\" data-widget_type=\"text-editor.default\">\n\t\t\t\t<div class=\"elementor-widget-container\">\n\t\t\t\t\t\t\t\t\t<p><strong>Comment identifier la nature du d\u00e9g\u00e2t ?<\/strong> Cochez les cases correspondant \u00e0 la cause du d\u00e9g\u00e2t des eaux :<\/p><ul><li><strong>Fuite sur canalisation<\/strong> : Pr\u00e9cisez si elle est situ\u00e9e sur une canalisation commune ou privative (alimentation ou \u00e9vacuation, accessible ou non).<\/li><li><strong>Fuite ou d\u00e9bordement d\u2019appareils \u00e0 effet d\u2019eau<\/strong> : Si un appareil tel qu\u2019un \u00e9vier, lavabo, machine \u00e0 laver, chaudi\u00e8re ou cumulus est \u00e0 l\u2019origine du sinistre.<\/li><li><strong>Fuite ou d\u00e9bordement de ch\u00e9neaux ou goutti\u00e8res<\/strong> : Si des ch\u00e9neaux ou goutti\u00e8res ont caus\u00e9 le probl\u00e8me.<\/li><li><strong>Infiltrations<\/strong> : Par toiture, terrasse, fa\u00e7ade, fen\u00eatre ou porte-fen\u00eatre, ou un joint d\u2019\u00e9tanch\u00e9it\u00e9 (sanitaire ou carrelage).<\/li><li><strong>Gel<\/strong> : Si des canalisations ont \u00e9clat\u00e9 \u00e0 cause du gel.<\/li><li><strong>Autre cause<\/strong> : Si aucune des causes mentionn\u00e9es ne correspond, d\u00e9crivez-la pr\u00e9cis\u00e9ment.<\/li><\/ul>\t\t\t\t\t\t\t\t<\/div>\n\t\t\t\t<\/div>\n\t\t\t\t<div class=\"elementor-element elementor-element-8703bf2 elementor-widget elementor-widget-heading\" data-id=\"8703bf2\" data-element_type=\"widget\" data-e-type=\"widget\" data-widget_type=\"heading.default\">\n\t\t\t\t<div class=\"elementor-widget-container\">\n\t\t\t\t\t<h2 class=\"elementor-heading-title elementor-size-default\">Un professionnel est-il \u00e0 l'origine du sinistre ?\n<\/h2>\t\t\t\t<\/div>\n\t\t\t\t<\/div>\n\t\t\t\t<div class=\"elementor-element elementor-element-490e4bb elementor-widget elementor-widget-text-editor\" data-id=\"490e4bb\" data-element_type=\"widget\" data-e-type=\"widget\" data-widget_type=\"text-editor.default\">\n\t\t\t\t<div class=\"elementor-widget-container\">\n\t\t\t\t\t\t\t\t\t<p><strong>Que dois-je indiquer ?<\/strong><\/p><ul><li>Cochez <strong>\u00ab\u00a0Oui\u00a0\u00bb<\/strong> si un entrepreneur, un installateur ou un vendeur pourrait \u00eatre responsable du d\u00e9g\u00e2t, et expliquez pourquoi.<ul><li>Ajoutez le nom et l\u2019adresse du professionnel si disponible.<\/li><\/ul><\/li><li>Cochez <strong>\u00ab\u00a0Non\u00a0\u00bb<\/strong> si aucun professionnel n\u2019est impliqu\u00e9.<\/li><\/ul>\t\t\t\t\t\t\t\t<\/div>\n\t\t\t\t<\/div>\n\t\t\t\t<div class=\"elementor-element elementor-element-f19b376 elementor-widget elementor-widget-heading\" data-id=\"f19b376\" data-element_type=\"widget\" data-e-type=\"widget\" data-widget_type=\"heading.default\">\n\t\t\t\t<div class=\"elementor-widget-container\">\n\t\t\t\t\t<h2 class=\"elementor-heading-title elementor-size-default\">Conseils pour remplir cette section\n<\/h2>\t\t\t\t<\/div>\n\t\t\t\t<\/div>\n\t\t\t\t<div class=\"elementor-element elementor-element-7d070ed elementor-widget elementor-widget-text-editor\" data-id=\"7d070ed\" data-element_type=\"widget\" data-e-type=\"widget\" data-widget_type=\"text-editor.default\">\n\t\t\t\t<div class=\"elementor-widget-container\">\n\t\t\t\t\t\t\t\t\t<ul>\n<li><strong>V\u00e9rifiez les informations<\/strong>&nbsp;: Si vous avez un doute sur l\u2019origine ou la cause du sinistre contactez-nous par chat, t\u00e9l\u00e9phone ou via notre <a href=\"https:\/\/www.watio.fr\/page\/contact\/\"><b>formulaire de contact<\/b><\/a>.<\/li>\n<li><strong>Soyez pr\u00e9cis<\/strong> : La clart\u00e9 des informations permet d&rsquo;acc\u00e9l\u00e9rer le traitement du dossier.<\/li>\n<li><strong>Prenez des photos<\/strong> : Documentez les d\u00e9g\u00e2ts et les r\u00e9parations pour appuyer votre d\u00e9claration.<\/li>\n<\/ul>\t\t\t\t\t\t\t\t<\/div>\n\t\t\t\t<\/div>\n\t\t\t\t<\/div>\n\t\t\t\t<\/div>\n\t\t","protected":false},"excerpt":{"rendered":"<p>Cette FAQ explique aux locataires, propri\u00e9taires et gestionnaires comment remplir la section d\u00e9di\u00e9e \u00e0 la cause du d\u00e9g\u00e2t des eaux sur le constat amiable de d\u00e9g\u00e2t des eaux. Cette section est essentielle pour identifier l&rsquo;origine du sinistre et acc\u00e9l\u00e9rer le traitement par les assurances. Recherche de fuite effectu\u00e9e par un artisan ou une entreprise Que [&hellip;]<\/p>\n","protected":false},"author":1,"featured_media":15045,"parent":6350,"menu_order":0,"comment_status":"closed","ping_status":"closed","template":"","meta":{"footnotes":""},"class_list":["post-15043","page","type-page","status-publish","has-post-thumbnail","hentry"],"yoast_head":"<!-- This site is optimized with the Yoast SEO plugin v27.5 - https:\/\/yoast.com\/product\/yoast-seo-wordpress\/ -->\n<title>FAQ : Comment remplir les informations sur la cause du d\u00e9g\u00e2t des eaux ? - Watio<\/title>\n<meta name=\"description\" content=\"D\u00e9couvrez comment remplir la section &#039;Cause du d\u00e9g\u00e2t des eaux&#039; de votre constat amiable de d\u00e9g\u00e2t des eaux. Afin de signer le constat...\" \/>\n<meta name=\"robots\" content=\"index, follow, max-snippet:-1, max-image-preview:large, max-video-preview:-1\" \/>\n<link rel=\"canonical\" href=\"https:\/\/www.watio.fr\/guide\/centre-daide\/aide-utilisateur-sur-watio\/faq-comment-remplir-les-informations-sur-la-cause-du-degat-des-eaux\/\" \/>\n<meta property=\"og:locale\" content=\"fr_FR\" \/>\n<meta property=\"og:type\" content=\"article\" \/>\n<meta property=\"og:title\" content=\"FAQ : Comment remplir les informations sur la cause du d\u00e9g\u00e2t des eaux ? - Watio\" \/>\n<meta property=\"og:description\" content=\"D\u00e9couvrez comment remplir la section &#039;Cause du d\u00e9g\u00e2t des eaux&#039; de votre constat amiable de d\u00e9g\u00e2t des eaux. Afin de signer le constat...\" \/>\n<meta property=\"og:url\" content=\"https:\/\/www.watio.fr\/guide\/centre-daide\/aide-utilisateur-sur-watio\/faq-comment-remplir-les-informations-sur-la-cause-du-degat-des-eaux\/\" \/>\n<meta property=\"og:site_name\" content=\"Watio\" \/>\n<meta property=\"article:modified_time\" content=\"2025-01-19T16:51:49+00:00\" \/>\n<meta property=\"og:image\" content=\"https:\/\/www.watio.fr\/guide\/wp-content\/uploads\/2025\/01\/FAQ_Comment-remplir-les-informations-sur-la-cause-du-degat-des-eaux_WATIO.jpg\" \/>\n\t<meta property=\"og:image:width\" content=\"1321\" \/>\n\t<meta property=\"og:image:height\" content=\"411\" \/>\n\t<meta property=\"og:image:type\" content=\"image\/jpeg\" \/>\n<meta name=\"twitter:card\" content=\"summary_large_image\" \/>\n<meta name=\"twitter:label1\" content=\"Dur\u00e9e de lecture estim\u00e9e\" \/>\n\t<meta name=\"twitter:data1\" content=\"3 minutes\" \/>\n<script type=\"application\/ld+json\" class=\"yoast-schema-graph\">{\"@context\":\"https:\\\/\\\/schema.org\",\"@graph\":[{\"@type\":\"WebPage\",\"@id\":\"https:\\\/\\\/www.watio.fr\\\/guide\\\/centre-daide\\\/aide-utilisateur-sur-watio\\\/faq-comment-remplir-les-informations-sur-la-cause-du-degat-des-eaux\\\/\",\"url\":\"https:\\\/\\\/www.watio.fr\\\/guide\\\/centre-daide\\\/aide-utilisateur-sur-watio\\\/faq-comment-remplir-les-informations-sur-la-cause-du-degat-des-eaux\\\/\",\"name\":\"FAQ : Comment remplir les informations sur la cause du d\u00e9g\u00e2t des eaux ? - Watio\",\"isPartOf\":{\"@id\":\"https:\\\/\\\/www.watio.fr\\\/guide\\\/#website\"},\"primaryImageOfPage\":{\"@id\":\"https:\\\/\\\/www.watio.fr\\\/guide\\\/centre-daide\\\/aide-utilisateur-sur-watio\\\/faq-comment-remplir-les-informations-sur-la-cause-du-degat-des-eaux\\\/#primaryimage\"},\"image\":{\"@id\":\"https:\\\/\\\/www.watio.fr\\\/guide\\\/centre-daide\\\/aide-utilisateur-sur-watio\\\/faq-comment-remplir-les-informations-sur-la-cause-du-degat-des-eaux\\\/#primaryimage\"},\"thumbnailUrl\":\"https:\\\/\\\/www.watio.fr\\\/guide\\\/wp-content\\\/uploads\\\/2025\\\/01\\\/FAQ_Comment-remplir-les-informations-sur-la-cause-du-degat-des-eaux_WATIO.jpg\",\"datePublished\":\"2024-11-08T12:15:21+00:00\",\"dateModified\":\"2025-01-19T16:51:49+00:00\",\"description\":\"D\u00e9couvrez comment remplir la section 'Cause du d\u00e9g\u00e2t des eaux' de votre constat amiable de d\u00e9g\u00e2t des eaux. Afin de signer le constat...\",\"breadcrumb\":{\"@id\":\"https:\\\/\\\/www.watio.fr\\\/guide\\\/centre-daide\\\/aide-utilisateur-sur-watio\\\/faq-comment-remplir-les-informations-sur-la-cause-du-degat-des-eaux\\\/#breadcrumb\"},\"inLanguage\":\"fr-FR\",\"potentialAction\":[{\"@type\":\"ReadAction\",\"target\":[\"https:\\\/\\\/www.watio.fr\\\/guide\\\/centre-daide\\\/aide-utilisateur-sur-watio\\\/faq-comment-remplir-les-informations-sur-la-cause-du-degat-des-eaux\\\/\"]}]},{\"@type\":\"ImageObject\",\"inLanguage\":\"fr-FR\",\"@id\":\"https:\\\/\\\/www.watio.fr\\\/guide\\\/centre-daide\\\/aide-utilisateur-sur-watio\\\/faq-comment-remplir-les-informations-sur-la-cause-du-degat-des-eaux\\\/#primaryimage\",\"url\":\"https:\\\/\\\/www.watio.fr\\\/guide\\\/wp-content\\\/uploads\\\/2025\\\/01\\\/FAQ_Comment-remplir-les-informations-sur-la-cause-du-degat-des-eaux_WATIO.jpg\",\"contentUrl\":\"https:\\\/\\\/www.watio.fr\\\/guide\\\/wp-content\\\/uploads\\\/2025\\\/01\\\/FAQ_Comment-remplir-les-informations-sur-la-cause-du-degat-des-eaux_WATIO.jpg\",\"width\":1321,\"height\":411,\"caption\":\"FAQ_Comment remplir les informations sur la cause du d\u00e9g\u00e2t des eaux_WATIO\"},{\"@type\":\"BreadcrumbList\",\"@id\":\"https:\\\/\\\/www.watio.fr\\\/guide\\\/centre-daide\\\/aide-utilisateur-sur-watio\\\/faq-comment-remplir-les-informations-sur-la-cause-du-degat-des-eaux\\\/#breadcrumb\",\"itemListElement\":[{\"@type\":\"ListItem\",\"position\":1,\"name\":\"Accueil\",\"item\":\"https:\\\/\\\/www.watio.fr\\\/guide\\\/\"},{\"@type\":\"ListItem\",\"position\":2,\"name\":\"Centre d&rsquo;aide\",\"item\":\"https:\\\/\\\/www.watio.fr\\\/guide\\\/\"},{\"@type\":\"ListItem\",\"position\":3,\"name\":\"Aide utilisateur sur WATIO\",\"item\":\"https:\\\/\\\/www.watio.fr\\\/guide\\\/centre-daide\\\/aide-utilisateur-sur-watio\\\/\"},{\"@type\":\"ListItem\",\"position\":4,\"name\":\"FAQ : Comment remplir les informations sur la cause du d\u00e9g\u00e2t des eaux ?\"}]},{\"@type\":\"WebSite\",\"@id\":\"https:\\\/\\\/www.watio.fr\\\/guide\\\/#website\",\"url\":\"https:\\\/\\\/www.watio.fr\\\/guide\\\/\",\"name\":\"Watio\",\"description\":\"\",\"publisher\":{\"@id\":\"https:\\\/\\\/www.watio.fr\\\/guide\\\/#organization\"},\"potentialAction\":[{\"@type\":\"SearchAction\",\"target\":{\"@type\":\"EntryPoint\",\"urlTemplate\":\"https:\\\/\\\/www.watio.fr\\\/guide\\\/?s={search_term_string}\"},\"query-input\":{\"@type\":\"PropertyValueSpecification\",\"valueRequired\":true,\"valueName\":\"search_term_string\"}}],\"inLanguage\":\"fr-FR\"},{\"@type\":\"Organization\",\"@id\":\"https:\\\/\\\/www.watio.fr\\\/guide\\\/#organization\",\"name\":\"Watio\",\"url\":\"https:\\\/\\\/www.watio.fr\\\/guide\\\/\",\"logo\":{\"@type\":\"ImageObject\",\"inLanguage\":\"fr-FR\",\"@id\":\"https:\\\/\\\/www.watio.fr\\\/guide\\\/#\\\/schema\\\/logo\\\/image\\\/\",\"url\":\"https:\\\/\\\/www.watio.fr\\\/guide\\\/wp-content\\\/uploads\\\/2024\\\/01\\\/watio.png\",\"contentUrl\":\"https:\\\/\\\/www.watio.fr\\\/guide\\\/wp-content\\\/uploads\\\/2024\\\/01\\\/watio.png\",\"width\":1920,\"height\":1080,\"caption\":\"Watio\"},\"image\":{\"@id\":\"https:\\\/\\\/www.watio.fr\\\/guide\\\/#\\\/schema\\\/logo\\\/image\\\/\"},\"sameAs\":[\"https:\\\/\\\/www.linkedin.com\\\/company\\\/watio\\\/\"]}]}<\/script>\n<!-- \/ Yoast SEO plugin. -->","yoast_head_json":{"title":"FAQ : Comment remplir les informations sur la cause du d\u00e9g\u00e2t des eaux ? - Watio","description":"D\u00e9couvrez comment remplir la section 'Cause du d\u00e9g\u00e2t des eaux' de votre constat amiable de d\u00e9g\u00e2t des eaux. Afin de signer le constat...","robots":{"index":"index","follow":"follow","max-snippet":"max-snippet:-1","max-image-preview":"max-image-preview:large","max-video-preview":"max-video-preview:-1"},"canonical":"https:\/\/www.watio.fr\/guide\/centre-daide\/aide-utilisateur-sur-watio\/faq-comment-remplir-les-informations-sur-la-cause-du-degat-des-eaux\/","og_locale":"fr_FR","og_type":"article","og_title":"FAQ : Comment remplir les informations sur la cause du d\u00e9g\u00e2t des eaux ? - Watio","og_description":"D\u00e9couvrez comment remplir la section 'Cause du d\u00e9g\u00e2t des eaux' de votre constat amiable de d\u00e9g\u00e2t des eaux. Afin de signer le constat...","og_url":"https:\/\/www.watio.fr\/guide\/centre-daide\/aide-utilisateur-sur-watio\/faq-comment-remplir-les-informations-sur-la-cause-du-degat-des-eaux\/","og_site_name":"Watio","article_modified_time":"2025-01-19T16:51:49+00:00","og_image":[{"width":1321,"height":411,"url":"https:\/\/www.watio.fr\/guide\/wp-content\/uploads\/2025\/01\/FAQ_Comment-remplir-les-informations-sur-la-cause-du-degat-des-eaux_WATIO.jpg","type":"image\/jpeg"}],"twitter_card":"summary_large_image","twitter_misc":{"Dur\u00e9e de lecture estim\u00e9e":"3 minutes"},"schema":{"@context":"https:\/\/schema.org","@graph":[{"@type":"WebPage","@id":"https:\/\/www.watio.fr\/guide\/centre-daide\/aide-utilisateur-sur-watio\/faq-comment-remplir-les-informations-sur-la-cause-du-degat-des-eaux\/","url":"https:\/\/www.watio.fr\/guide\/centre-daide\/aide-utilisateur-sur-watio\/faq-comment-remplir-les-informations-sur-la-cause-du-degat-des-eaux\/","name":"FAQ : Comment remplir les informations sur la cause du d\u00e9g\u00e2t des eaux ? - Watio","isPartOf":{"@id":"https:\/\/www.watio.fr\/guide\/#website"},"primaryImageOfPage":{"@id":"https:\/\/www.watio.fr\/guide\/centre-daide\/aide-utilisateur-sur-watio\/faq-comment-remplir-les-informations-sur-la-cause-du-degat-des-eaux\/#primaryimage"},"image":{"@id":"https:\/\/www.watio.fr\/guide\/centre-daide\/aide-utilisateur-sur-watio\/faq-comment-remplir-les-informations-sur-la-cause-du-degat-des-eaux\/#primaryimage"},"thumbnailUrl":"https:\/\/www.watio.fr\/guide\/wp-content\/uploads\/2025\/01\/FAQ_Comment-remplir-les-informations-sur-la-cause-du-degat-des-eaux_WATIO.jpg","datePublished":"2024-11-08T12:15:21+00:00","dateModified":"2025-01-19T16:51:49+00:00","description":"D\u00e9couvrez comment remplir la section 'Cause du d\u00e9g\u00e2t des eaux' de votre constat amiable de d\u00e9g\u00e2t des eaux. Afin de signer le constat...","breadcrumb":{"@id":"https:\/\/www.watio.fr\/guide\/centre-daide\/aide-utilisateur-sur-watio\/faq-comment-remplir-les-informations-sur-la-cause-du-degat-des-eaux\/#breadcrumb"},"inLanguage":"fr-FR","potentialAction":[{"@type":"ReadAction","target":["https:\/\/www.watio.fr\/guide\/centre-daide\/aide-utilisateur-sur-watio\/faq-comment-remplir-les-informations-sur-la-cause-du-degat-des-eaux\/"]}]},{"@type":"ImageObject","inLanguage":"fr-FR","@id":"https:\/\/www.watio.fr\/guide\/centre-daide\/aide-utilisateur-sur-watio\/faq-comment-remplir-les-informations-sur-la-cause-du-degat-des-eaux\/#primaryimage","url":"https:\/\/www.watio.fr\/guide\/wp-content\/uploads\/2025\/01\/FAQ_Comment-remplir-les-informations-sur-la-cause-du-degat-des-eaux_WATIO.jpg","contentUrl":"https:\/\/www.watio.fr\/guide\/wp-content\/uploads\/2025\/01\/FAQ_Comment-remplir-les-informations-sur-la-cause-du-degat-des-eaux_WATIO.jpg","width":1321,"height":411,"caption":"FAQ_Comment remplir les informations sur la cause du d\u00e9g\u00e2t des eaux_WATIO"},{"@type":"BreadcrumbList","@id":"https:\/\/www.watio.fr\/guide\/centre-daide\/aide-utilisateur-sur-watio\/faq-comment-remplir-les-informations-sur-la-cause-du-degat-des-eaux\/#breadcrumb","itemListElement":[{"@type":"ListItem","position":1,"name":"Accueil","item":"https:\/\/www.watio.fr\/guide\/"},{"@type":"ListItem","position":2,"name":"Centre d&rsquo;aide","item":"https:\/\/www.watio.fr\/guide\/"},{"@type":"ListItem","position":3,"name":"Aide utilisateur sur WATIO","item":"https:\/\/www.watio.fr\/guide\/centre-daide\/aide-utilisateur-sur-watio\/"},{"@type":"ListItem","position":4,"name":"FAQ : Comment remplir les informations sur la cause du d\u00e9g\u00e2t des eaux ?"}]},{"@type":"WebSite","@id":"https:\/\/www.watio.fr\/guide\/#website","url":"https:\/\/www.watio.fr\/guide\/","name":"Watio","description":"","publisher":{"@id":"https:\/\/www.watio.fr\/guide\/#organization"},"potentialAction":[{"@type":"SearchAction","target":{"@type":"EntryPoint","urlTemplate":"https:\/\/www.watio.fr\/guide\/?s={search_term_string}"},"query-input":{"@type":"PropertyValueSpecification","valueRequired":true,"valueName":"search_term_string"}}],"inLanguage":"fr-FR"},{"@type":"Organization","@id":"https:\/\/www.watio.fr\/guide\/#organization","name":"Watio","url":"https:\/\/www.watio.fr\/guide\/","logo":{"@type":"ImageObject","inLanguage":"fr-FR","@id":"https:\/\/www.watio.fr\/guide\/#\/schema\/logo\/image\/","url":"https:\/\/www.watio.fr\/guide\/wp-content\/uploads\/2024\/01\/watio.png","contentUrl":"https:\/\/www.watio.fr\/guide\/wp-content\/uploads\/2024\/01\/watio.png","width":1920,"height":1080,"caption":"Watio"},"image":{"@id":"https:\/\/www.watio.fr\/guide\/#\/schema\/logo\/image\/"},"sameAs":["https:\/\/www.linkedin.com\/company\/watio\/"]}]}},"_links":{"self":[{"href":"https:\/\/www.watio.fr\/guide\/wp-json\/wp\/v2\/pages\/15043","targetHints":{"allow":["GET"]}}],"collection":[{"href":"https:\/\/www.watio.fr\/guide\/wp-json\/wp\/v2\/pages"}],"about":[{"href":"https:\/\/www.watio.fr\/guide\/wp-json\/wp\/v2\/types\/page"}],"author":[{"embeddable":true,"href":"https:\/\/www.watio.fr\/guide\/wp-json\/wp\/v2\/users\/1"}],"replies":[{"embeddable":true,"href":"https:\/\/www.watio.fr\/guide\/wp-json\/wp\/v2\/comments?post=15043"}],"version-history":[{"count":32,"href":"https:\/\/www.watio.fr\/guide\/wp-json\/wp\/v2\/pages\/15043\/revisions"}],"predecessor-version":[{"id":15078,"href":"https:\/\/www.watio.fr\/guide\/wp-json\/wp\/v2\/pages\/15043\/revisions\/15078"}],"up":[{"embeddable":true,"href":"https:\/\/www.watio.fr\/guide\/wp-json\/wp\/v2\/pages\/6350"}],"wp:featuredmedia":[{"embeddable":true,"href":"https:\/\/www.watio.fr\/guide\/wp-json\/wp\/v2\/media\/15045"}],"wp:attachment":[{"href":"https:\/\/www.watio.fr\/guide\/wp-json\/wp\/v2\/media?parent=15043"}],"curies":[{"name":"wp","href":"https:\/\/api.w.org\/{rel}","templated":true}]}}